 Let o(b) = -4*b - 8. What is o(d)?
16
Suppose 1 = 2*w - 3. Let i = -1 - w. Let k(m) = m + 2. Determine k(i).
-1
Let d be (-31)/(-4) - 6/(-24). Let o(q) = d - 1 - 1 - q. Give o(0).
6
Let j(u) = 5*u - 4. Let w be j(1). Suppose 7 + 13 = 5*b. Let v(o) = -w - b*o - 4 + o + o**2. Give v(4).
-1
Suppose 0 = 3*d - 0*d - 6. Let k(i) = -3*i - i**d - 1 + 6 + 0*i**2. Let p be (-4)/(-6) - 28/6. Give k(p).
1
Suppose -10*t = -7*t - 3. Let p(n) be the first derivative of -4*n + 3/2*n**2 + 1/3*n**3 + t. What is p(-3)?
-4
Let d(s) = 7*s - 2. Let v(n) = -8*n + 2. Let k(j) = -5*d(j) - 4*v(j). What is k(2)?
-4
Suppose 40 = -3*t + 4*o, -3*o + o + 8 = 0. Let f(u) = 5*u**2 + 3*u**2 + u**3 - 22*u - 2 + 21*u. Give f(t).
6
Let d(j) = j**2 + 6*j + 1. Let f(y) = -75*y**2 + 2*y + 2. Let z be f(-1). Let k be ((-8)/10)/((-10)/z). Determine d(k).
1
Let m(k) = k - 4. Let c = 0 + 0. Suppose x - 2*x + 5 = c. Suppose 5 = -5*n - h + 5*h, x*h = 3*n + 16. Give m(n).
-1
Let p(h) = -4 + 2 + h**2 + 5*h - 2*h. Let g be p(-2). Let s = g + 8. Let v(r) = 2*r. What is v(s)?
8
Let u(d) = d + 1. Let n be u(3). Let w(p) = -6*p**3 + 1 - 3*p + 4*p + 5*p**3 + n*p**2. Calculate w(4).
5
Let l(u) = -10*u**3 + 15*u**2 - 5*u - 6. Let t(i) = -7*i**3 + 10*i**2 - 3*i - 4. Let x(z) = -5*l(z) + 7*t(z). Determine x(4).
2
Let b(w) = -5*w**3 - 4*w**2 - 3. Let v(l) = -l**3 - l**2 - 1. Let f(u) = b(u) - 6*v(u). Suppose 2*z + 6 = 0, 0*q - 6 = 3*q - z. Give f(q).
-6
Let k(a) = -4*a**2 + 21*a - 11*a**2 + 7 + 0. Let n(z) = 7*z**2 - 10*z - 3. Let v(g) = -6*k(g) - 13*n(g). Suppose -2*y = y - 9. Determine v(y).
0
Let g(c) = 0*c**2 + 1 + c**2 + 4*c**2. Let v be (2/6)/((-3)/9). Calculate g(v).
6
Let a(d) be the third derivative of d**6/120 + d**5/60 - d**3/3 - d**2. Suppose 0 = 4*v + v + 75. Let p be 25/v + 2/(-6). Calculate a(p).
-6
Let b = -20 - -18. Let p(q) = -q + 2. Calculate p(b).
4
Let r(o) = -3*o**3 + 3*o**2 - o. Let t(i) = i**3 - i**2 - 1. Let b(f) = -r(f) - 2*t(f). Give b(0).
2
Let i(o) = o - 9. Let b be i(12). Suppose n + 3*n - 16 = 0. Let h(c) = -3*c**2 - n + 0*c**2 - c**3 + b. Give h(-2).
-5
Suppose 4*v = -4*j + 24, -v + 0 + 4 = -j. Let k(l) be the first derivative of l**3/3 - 3*l**2 + 4*l - 113. Calculate k(v).
-1
Let j = 158 + -161. Let v(t) = -11*t**2 - 17*t - 20. Let s(b) = -7*b**2 - 11*b - 13. Let a(i) = -8*s(i) + 5*v(i). Determine a(j).
4
Let z(c) = c**2 + 4*c + 2. Let j be z(-4). Let p(w) = -j*w**2 + 2 + 0 + 2*w + 3*w**2. Calculate p(-2).
2
Let c(d) be the first derivative of -d**3/3 + d**2 + 4*d - 3. Give c(-3).
-11
Let l = -3 + 4. Let m(h) = 0 + 4*h - 4*h**2 - 5 - h**3 + 2*h**3. Let k(w) = 5*w**2 - 5*w + 6. Let c(r) = 4*k(r) + 5*m(r). What is c(l)?
4
Let c(v) be the second derivative of -v**3 - v**2/2 + 13*v. Calculate c(3).
-19
Let k(c) = c**3 - 5*c**2 + 5*c. Let o be k(4). Let r(y) = y**3 - 4*y**2 + 2*y - 6. Calculate r(o).
2
Let w be (-2)/(-14) + (-442)/(-91). Let b = w - 3. Let a(q) = -3*q - 2. Determine a(b).
-8
Let l(o) = 3*o**3 + 8*o**2 + 2*o - 4. Let k(h) = -8*h**3 - 23*h**2 - 6*h + 12. Let t(c) = 4*k(c) + 11*l(c). Determine t(4).
-4
Let c(n) = n - 2 + 0*n + 0. What is c(5)?
3
Let w(g) be the third derivative of g**5/15 - g**4/6 + g**3/3 - 21*g**2. Calculate w(2).
10
Let v(s) = s**3 - 4*s**2 + s - 1. Let h be v(4). Suppose 2*b - 3*b + h = 0. Let l(d) = -3*d + d**3 - 4*d + d**b + 6*d. Calculate l(1).
1
Suppose -2*j + 3*k - 2*k = 17, 4*j - 3*k = -39. Let v(q) = 11*q**2 + 2*q + 10. Let y(w) = -2*w**2 + w - 1. Let t(z) = v(z) + 5*y(z). Give t(j).
-1
Suppose 4*b - 15 = 3*i, -5*i - 4 - 1 = 0. Suppose -3*h = -4*z - 16, -h - 8 = -b*h. Let s(v) = -3*v**3 - v**2 - v - 1. Determine s(z).
2
Let i(z) = -4*z**3 + z**2 - z - 1. Let o be (3/6 - 1)*2. What is i(o)?
5
Suppose -4*t = 4*f + 12, 0*t + 5*t = 25. Let m(q) = -q**3 - 7*q**2 + 8*q - 4. Calculate m(f).
-4
Let i(w) be the second derivative of w**6/180 + w**5/40 - w**4/12 + w**3/6 + 2*w. Let l(k) be the second derivative of i(k). Give l(-3).
7
Let r(b) be the second derivative of -6*b + 1/6*b**3 - 11/2*b**2 + 0. Give r(6).
-5
Let a(n) = 2*n - 1. Let o be 8/(-36) + 16/(-9). Let q be (0 + -3)/(3/o). Let x = q + -4. Give a(x).
-5
Suppose -1 - 4 = 4*p - 3*v, -5*p + 4*v - 5 = 0. Let x(q) = q**2 + 5*q - 2. Determine x(p).
-2
Let u(t) be the first derivative of t**3/3 + 2*t**2 + 3*t - 36. Suppose 0 = -f - 0 - 4. Determine u(f).
3
Let s(r) = -r**2 - r - 6. Let u be (-1 + 5)/((-2)/(-2)). Let n be (-2 + -2 + u)/(-1). Let m be -2 + (n - -2)/1. Determine s(m).
-6
Let w(q) = q - 2. Let y(i) = -3*i + 5. Let c(u) = 17*w(u) + 6*y(u). Let g = -39 - -41. Let f(k) = 4*k + 15. Let j(l) = g*f(l) + 9*c(l). Calculate j(-3).
-3
Let o be (-1)/(2*1/(-8)). Suppose -3*v = -o*v + 5. Let w(s) = 4*s - v + 3 - 2*s + 0*s. Calculate w(4).
6
Suppose 4*c + 2*v + 40 = 0, c + 3*v = 3*c + 12. Let x = 0 - c. Let n(k) = 3 - x*k**3 + 2*k**2 + 10*k**3 - k - 3*k**2. What is n(0)?
3
Let c(r) = -28*r**2 - r. Let z(p) = p**2 + 4*p + 3. Let o be z(-2). What is c(o)?
-27
Let n(r) = -2*r**2 - r - 2. Suppose 50*l = 47*l - 6. Give n(l).
-8
Let y(g) = 2*g**3 - 2*g**2 - 1. Let o(i) = -2 + i - 1 - 2*i**2 - 1 + 3*i**2. Suppose 0 = 2*z + 3*z + 15. Let u be o(z). Determine y(u).
7
Let s be -1 + 2 + 1 - 0. Let l = 3 - 1. Let k(p) = 6 + 1 + l*p - p - 5. Determine k(s).
4
Let s(d) = -9*d - 4. Let q(w) = 9*w + 3. Let b(z) = 5*q(z) + 4*s(z). Suppose 3*j + 2*j + 5 = 0. What is b(j)?
-10
Suppose 0 = a - 3*a + 10. Let o(c) = c - 2. Let x be o(a). Let f(v) be the third derivative of v**4/12 + 2*v**3/3 + v**2 + 42*v. What is f(x)?
10
Let m(z) = z**3 - 6*z**2 + 6*z + 6. Let h(g) = -g - 8. Let r be h(-13). Give m(r).
11
Let i(z) = -z**2 + 6*z + 4. Let o be i(6). Let s(x) be the first derivative of -x**4/4 + 4*x**3/3 - x**2/2 - 5*x - 2. What is s(o)?
-9
Let b be (0 - (-2)/(-6))*-15. Suppose -b*c + 4*c = 1, -2*x - c = 1. Let f(k) be the first derivative of -k**2/2 + 2*k + 2. Calculate f(x).
2
Let a(y) = y**2 + 2*y - 2. Let g be a(-4). Let d(c) be the first derivative of -c**4/4 + 7*c**3/3 - 5*c**2/2 - 2*c - 10. Determine d(g).
4
Suppose 3*d + d + 3*m - 20 = 0, 0 = -5*d - 2*m + 18. Let i(v) be the second derivative of -2*v + 0 - 3/2*v**2 - 1/12*v**4 + 1/3*v**3. What is i(d)?
-3
Let p(a) be the third derivative of 0*a**5 + 1/12*a**4 + 0 + 0*a**3 + 0*a - 3*a**2 - 1/120*a**6. Suppose s = 2*s + 2. Give p(s).
4
Suppose 1 - 3 = 2*v. Let b(z) = z + 5*z + 1 + 2*z. Determine b(v).
-7
Let r(i) = 2*i**2 - 3*i**2 + 2 - 2*i - 3*i. Let a = 13 + -4. Suppose a = -t - 2*t. What is r(t)?
8
Let a(n) = -3*n - 3*n - 7 - 4*n**2 + n**3 - n**2. What is a(6)?
-7
Suppose 0 = -6*k + k + 10. Let z(b) = 4*b - b + 3 + b**3 - 6*b**2 + k*b + 0*b. Give z(4).
-9
Let c(q) be the third derivative of q**6/120 - q**5/12 - q**4/3 + 3*q**3/2 - 41*q**2. Let j = 16 - 10. Give c(j).
-3
Let v(p) = 12 + 4 + 2*p - 32 + 1. Give v(10).
5
Let o be ((-18)/27)/(4/(-18)). Suppose 3*m - 23 = 5*n + 8, 7 = -4*m - o*n. Let s(a) = a**2 - 4*a + 3. Determine s(m).
-1
Let z(j) be the third derivative of -j**7/840 - 7*j**6/360 - j**5/15 - j**4/6 - j**3/3 + 4*j**2. Let h(r) be the first derivative of z(r). Determine h(-6).
8
Let g(k) = 0 - k - k + 4. Suppose -5*w = -3*r, -34 = -6*w + 3*w - 5*r. Let p be 2/2 - (0 - w). Determine g(p).
-4
Suppose l = -5*s + 9, -4*l + 4*s + 0*s - 12 = 0. Let f be l - (1 + 0)*1. Let h be (-1 - -2)/(f/(-4)). Let x(t) = -2*t - 1. Give x(h).
-5
Let v(g) = 154*g**2 - 157*g**2 + 4*g - g. Calculate v(2).
-6
Let u(l) be the first derivative of -l**5/60 - l**4/4 - l**3/6 - 9*l**2/2 - 7. Let a(x) be the second derivative of u(x). Determine a(-6).
-1
Let l(z) be the first derivative of -z**4/4 - 4*z**3/3 + 2*z**2 - 7*z + 16. Give l(-5).
-2
Let q(k) = -k - 4. Let j(y) = 9*y + 39. Let r be j(-5). Determine q(r).
2
Let j = 4 - 14. Let r be 3/15 + (-8)/j. Let k(a) = -4*a**2 + 4*a**2 - 3*a**2 + 2*a**2 + a + 6*a**3. Determine k(r).
6
Let m(y) = -7*y**2. Let g(o) = -o**2. Let q(f) = -6*g(f) + m(f). Let p(t) = -t**3 + 8*t**2 + t - 8. Let x be p(8). Give q(x).
0
Let l(i) = 7*i + 4. Let v = 5 - 8. Determine l(v).
-17
Suppose -s + 45 = -6*s. Let a = -7 - s. Let m(i) = 5*i + a*i - 3 - 9*i. Calculate m(-5).
7
Let c(v) = -6*v - 1. Let j(g) be the first derivative of -5*g**2/2 - g + 2. Let i(p) = 6*c(p) - 7*j(p). What is i(-1)?
2
Let b = -14 - -16. Let j(f) be the third deri